{"id":1105,"date":"2014-01-08T19:07:05","date_gmt":"2014-01-08T17:07:05","guid":{"rendered":"http:\/\/www.gfh.no\/geosport\/?page_id=1105"},"modified":"2014-04-03T21:09:55","modified_gmt":"2014-04-03T19:09:55","slug":"account","status":"publish","type":"page","link":"https:\/\/www.gfh.no\/geosport\/account\/","title":{"rendered":"Account"},"content":{"rendered":"<p>Du trenger ikke registrere deg for \u00e5 handle, men for \u00e5 ha oversikt over historikk osv m\u00e5 man registrere seg.<br \/>\n<div class=\"ec_account_page\">\n\n\n\n<section class=\"ec_account_page\">\n\t<div class=\"ec_account_left ec_account_login\">\n\t\t<form action=\"https:\/\/www.gfh.no\/geosport\/account\/\" method=\"POST\">\t\t\t\t<div class=\"ec_cart_header ec_top\">\n\t\t\tRegistrert kunde\t\t<\/div>\n\t\t<div class=\"ec_account_subheader\">\n\t\t\tTil kassen med en eksisterende konto, kan du logge deg inn nedenfor.\t\t<\/div>\n\t\t\t\t<div class=\"ec_cart_input_row\">\n\t\t\t<label for=\"ec_account_login_email\">E-post adresse*<\/label>\n\t\t\t<input type=\"email\" name=\"ec_account_login_email\" id=\"ec_account_login_email\" class=\"ec_account_login_input_field\" autocomplete=\"off\" autocapitalize=\"off\">\t\t<\/div>\n\n\t\t<div class=\"ec_cart_error_row\" id=\"ec_account_login_email_error\">\n\t\t\tVennligsy legg inn ditt E-post adresse\t\t<\/div>\n\n\t\t<div class=\"ec_cart_input_row\">\n\t\t\t\t\t\t<label for=\"ec_account_login_password\">Passord*<\/label>\n\t\t\t<input type=\"password\" name=\"ec_account_login_password\" id=\"ec_account_login_password\" class=\"ec_account_login_input_field\">\t\t<\/div>\n\n\t\t<div class=\"ec_cart_error_row\" id=\"ec_account_login_password_error\">\n\t\t\tVennligsy legg inn ditt Passord\t\t<\/div>\n\n\t\t\n\t\t<div class=\"ec_cart_button_row\">\n\t\t\t\t\t\t\t<a href=\"https:\/\/www.gfh.no\/geosport\/account\/?ec_page=forgot_password\" class=\"ec_account_login_link\">Glemt passord?<\/a>\t\t\t\t\t\t<input type=\"submit\" value=\"Logg inn\" class=\"ec_account_button\" onclick=\"return ec_account_login_button_click( );\" \/>\n\t\t<\/div>\n\n\t\t<input type=\"hidden\" name=\"ec_account_page_id\" id=\"ec_account_page_id\" value=\"0\" \/>\n\n\t\t<input type=\"hidden\" name=\"ec_account_form_action\" value=\"login\" \/><input type=\"hidden\" name=\"ec_account_form_nonce\" value=\"f7046697bb\" \/><\/form>\t<\/div>\n\n\t<div class=\"ec_account_right ec_account_login\">\n\n\t\t<div class=\"ec_cart_header ec_top\">\n\t\t\tNy bruker\t\t<\/div>\n\n\t\t<div class=\"ec_account_subheader\">\n\t\t\tOpprette en bruker\t\t<\/div>\n\n\t\t<div class=\"ec_cart_input_row\">\n\t\t\tIngen konto? Opprett en konto for \u00e5 f\u00e5 fullstendig kj\u00f8ps-historikk.\t\t<\/div>\n\n\t\t<div class=\"ec_cart_button_row\">\n\t\t\t<a href=\"https:\/\/www.gfh.no\/geosport\/account\/?ec_page=register\" class=\"ec_account_login_create_account_button\">Opprett en konto<\/a>\t\t<\/div>\n\n\t<\/div>\n\n\t<div style=\"clear:both;\"><\/div>\n\t<div id=\"ec_current_media_size\"><\/div>\n\n<\/section>\n\n\n\n\n\n\n\n\n\n\n\n\n\n\n\n\n\n\n\n\n\n\n<input type=\"hidden\" name=\"ec_account_base_path\" id=\"ec_account_base_path\" value=\"https:\/\/www.gfh.no\/geosport\/wp-content\/plugins\" \/><input type=\"hidden\" name=\"ec_account_session_id\" id=\"ec_account_session_id\" value=\"not-set\" \/><input type=\"hidden\" name=\"ec_account_email\" id=\"ec_account_email\" value=\"\" \/><input type=\"hidden\" name=\"ec_account_start_page\" id=\"ec_account_start_page\" value=\"\" \/><\/div><\/p>\n","protected":false},"excerpt":{"rendered":"<p>Du trenger ikke registrere deg for \u00e5 handle, men for \u00e5 ha oversikt over historikk osv m\u00e5 man registrere seg.<\/p>\n","protected":false},"author":1,"featured_media":0,"parent":0,"menu_order":0,"comment_status":"closed","ping_status":"closed","template":"","meta":{"footnotes":""},"class_list":["post-1105","page","type-page","status-publish","hentry"],"_links":{"self":[{"href":"https:\/\/www.gfh.no\/geosport\/wp-json\/wp\/v2\/pages\/1105","targetHints":{"allow":["GET"]}}],"collection":[{"href":"https:\/\/www.gfh.no\/geosport\/wp-json\/wp\/v2\/pages"}],"about":[{"href":"https:\/\/www.gfh.no\/geosport\/wp-json\/wp\/v2\/types\/page"}],"author":[{"embeddable":true,"href":"https:\/\/www.gfh.no\/geosport\/wp-json\/wp\/v2\/users\/1"}],"replies":[{"embeddable":true,"href":"https:\/\/www.gfh.no\/geosport\/wp-json\/wp\/v2\/comments?post=1105"}],"version-history":[{"count":4,"href":"https:\/\/www.gfh.no\/geosport\/wp-json\/wp\/v2\/pages\/1105\/revisions"}],"predecessor-version":[{"id":1663,"href":"https:\/\/www.gfh.no\/geosport\/wp-json\/wp\/v2\/pages\/1105\/revisions\/1663"}],"wp:attachment":[{"href":"https:\/\/www.gfh.no\/geosport\/wp-json\/wp\/v2\/media?parent=1105"}],"curies":[{"name":"wp","href":"https:\/\/api.w.org\/{rel}","templated":true}]}}